[Sat Jan 31 07:54:12.530852 2026] [:error] [pid 14526:tid 140107830994688] [client 20.205.97.28:1379] File does not exist: /usr/local/apache/htdocs/goods.php
[Sat Jan 31 07:54:12.742641 2026] [:error] [pid 14526:tid 140107881350912] [client 20.205.97.28:1379] File does not exist: /usr/local/apache/htdocs/ioxi-o.php
[Sat Jan 31 07:54:12.962953 2026] [:error] [pid 14526:tid 140108018276096] [client 20.205.97.28:1379] File does not exist: /usr/local/apache/htdocs/rip.php
[Sat Jan 31 07:54:13.174694 2026] [:error] [pid 14526:tid 140107789031168] [client 20.205.97.28:1379] File does not exist: /usr/local/apache/htdocs/adminfuns.php
[Sat Jan 31 07:54:13.386485 2026] [:error] [pid 14526:tid 140107763853056] [client 20.205.97.28:1379] File does not exist: /usr/local/apache/htdocs/file.php
[Sat Jan 31 07:54:14.895532 2026] [:error] [pid 14526:tid 140107931707136] [client 20.205.97.28:1379] File does not exist: /usr/local/apache/htdocs/wp-good.php
[Sat Jan 31 07:59:37.966571 2026] [:error] [pid 14526:tid 140107772245760] [client 74.248.24.163:13127] File does not exist: /usr/local/apache/autossl_tmp/.well-known/acme-challenge/afnew.php
[Sat Jan 31 07:59:39.990738 2026] [:error] [pid 14526:tid 140107914921728] [client 74.248.24.163:13127] File does not exist: /usr/local/apache/autossl_tmp/.well-known/acme-challenge/index.php
[Sat Jan 31 07:59:40.305375 2026] [:error] [pid 14526:tid 140107889743616] [client 74.248.24.163:13127] File does not exist: /usr/local/apache/autossl_tmp/.well-known/acme-challenge/autoload_classmap.php
[Sat Jan 31 07:59:41.675817 2026] [:error] [pid 14526:tid 140107789031168] [client 74.248.24.163:13127] File does not exist: /usr/local/apache/autossl_tmp/.well-known/acme-challenge/admin.php
[Sat Jan 31 07:59:41.899408 2026] [:error] [pid 14526:tid 140107906529024] [client 74.248.24.163:13127] File does not exist: /usr/local/apache/autossl_tmp/.well-known/acme-challenge/makeasmtp.php
[Sat Jan 31 07:59:43.246240 2026] [:error] [pid 14526:tid 140107789031168] [client 74.248.24.163:13127] File does not exist: /usr/local/apache/autossl_tmp/.well-known/acme-challenge/index.php
[Sat Jan 31 07:59:43.520335 2026] [:error] [pid 14526:tid 140107747067648] [client 74.248.24.163:13127] File does not exist: /usr/local/apache/autossl_tmp/.well-known/acme-challenge/radio.php
[Sat Jan 31 07:59:44.054658 2026] [:error] [pid 14526:tid 140107780638464] [client 74.248.24.163:13127] File does not exist: /usr/local/apache/autossl_tmp/.well-known/acme-challenge/wp-config.php
[Sat Jan 31 07:59:45.074660 2026] [:error] [pid 14526:tid 140107889743616] [client 74.248.24.163:13127] File does not exist: /usr/local/apache/autossl_tmp/.well-known/acme-challenge/plugins.php
[Sat Jan 31 07:59:46.408566 2026] [:error] [pid 14457:tid 140107914921728] [client 74.248.24.163:34229] File does not exist: /usr/local/apache/autossl_tmp/.well-known/acme-challenge/about.php
[Sat Jan 31 07:59:47.676213 2026] [:error] [pid 14457:tid 140107822601984] [client 74.248.24.163:34229] File does not exist: /usr/local/apache/autossl_tmp/.well-known/acme-challenge/cloud.php
[Sat Jan 31 07:59:47.731434 2026] [:error] [pid 14457:tid 140107830994688] [client 74.248.24.163:34229] File does not exist: /usr/local/apache/autossl_tmp/.well-known/acme-challenge/cloud.php
[Sat Jan 31 07:59:59.444254 2026] [:error] [pid 14303:tid 140108018276096] [client 74.248.24.163:31016] File does not exist: /usr/local/apache/autossl_tmp/.well-known/acme-challenge/xmrlpc.php
[Sat Jan 31 07:59:59.553477 2026] [:error] [pid 14303:tid 140107923314432] [client 74.248.24.163:31016] File does not exist: /usr/local/apache/autossl_tmp/.well-known/acme-challenge/xmrlpc.php
[Sat Jan 31 08:00:00.958371 2026] [:error] [pid 14303:tid 140107923314432] [client 74.248.24.163:31016] File does not exist: /usr/local/apache/autossl_tmp/.well-known/acme-challenge/about.php
[Sat Jan 31 08:00:01.005452 2026] [:error] [pid 14303:tid 140107931707136] [client 74.248.24.163:31016] File does not exist: /usr/local/apache/autossl_tmp/.well-known/acme-challenge/content.php
[Sat Jan 31 08:00:01.076338 2026] [:error] [pid 14303:tid 140107906529024] [client 74.248.24.163:31016] File does not exist: /usr/local/apache/autossl_tmp/.well-known/acme-challenge/doc.php
[Sat Jan 31 08:00:01.180038 2026] [:error] [pid 14303:tid 140107822601984] [client 74.248.24.163:31016] File does not exist: /usr/local/apache/autossl_tmp/.well-known/acme-challenge/mariju.php
[Sat Jan 31 08:00:01.238409 2026] [:error] [pid 14303:tid 140107747067648] [client 74.248.24.163:31016] File does not exist: /usr/local/apache/autossl_tmp/.well-known/acme-challenge/file.php
[Sat Jan 31 08:00:01.285938 2026] [:error] [pid 14303:tid 140107889743616] [client 74.248.24.163:31016] File does not exist: /usr/local/apache/autossl_tmp/.well-known/acme-challenge/themes.php
[Sat Jan 31 08:00:01.358981 2026] [:error] [pid 14303:tid 140107881350912] [client 74.248.24.163:31016] File does not exist: /usr/local/apache/autossl_tmp/.well-known/acme-challenge/wp-login.php
[Sat Jan 31 08:00:24.622156 2026] [:error] [pid 14457:tid 140107797423872] [client 74.248.24.163:31017] File does not exist: /usr/local/apache/autossl_tmp/.well-known/acme-challenge/gif.php
[Sat Jan 31 08:42:54.727049 2026] [:error] [pid 14526:tid 140107931707136] [client 20.203.132.68:26760] File does not exist: /usr/local/apache/htdocs/rip.php
[Sat Jan 31 08:54:14.742751 2026] [mpm_event:notice] [pid 12810:tid 140108153743232] AH00493: SIGUSR1 received. Doing graceful restart
[Sat Jan 31 08:54:14.796562 2026] [ssl:warn] [pid 12810:tid 140108153743232] AH01873: Init: Session Cache is not configured [hint: SSLSessionCache]
[Sat Jan 31 08:54:14.796971 2026] [ssl:warn] [pid 12810:tid 140108153743232] AH01909: cpanel.zulfiqarparacha.com.pk:443:0 server certificate does NOT include an ID which matches the server name
[Sat Jan 31 08:54:14.797433 2026] [ssl:warn] [pid 12810:tid 140108153743232] AH01909: mail.zulfiqarparacha.com.pk:443:0 server certificate does NOT include an ID which matches the server name
[Sat Jan 31 08:54:14.797748 2026] [ssl:warn] [pid 12810:tid 140108153743232] AH01909: webmail.zulfiqarparacha.com.pk:443:0 server certificate does NOT include an ID which matches the server name
[Sat Jan 31 08:54:14.801458 2026] [ssl:warn] [pid 12810:tid 140108153743232] AH01906: cpanel.traa.pk:443:0 server certificate is a CA certificate (BasicConstraints: CA == TRUE !?)
[Sat Jan 31 08:54:14.801720 2026] [ssl:warn] [pid 12810:tid 140108153743232] AH01906: mail.traa.pk:443:0 server certificate is a CA certificate (BasicConstraints: CA == TRUE !?)
[Sat Jan 31 08:54:14.801923 2026] [ssl:warn] [pid 12810:tid 140108153743232] AH01906: webmail.traa.pk:443:0 server certificate is a CA certificate (BasicConstraints: CA == TRUE !?)
[Sat Jan 31 08:54:14.803846 2026] [ssl:warn] [pid 12810:tid 140108153743232] AH01909: cpanel.test.hrlinks.net:443:0 server certificate does NOT include an ID which matches the server name
[Sat Jan 31 08:54:14.804186 2026] [ssl:warn] [pid 12810:tid 140108153743232] AH01909: mail.test.hrlinks.net:443:0 server certificate does NOT include an ID which matches the server name
[Sat Jan 31 08:54:14.804522 2026] [ssl:warn] [pid 12810:tid 140108153743232] AH01909: webmail.test.hrlinks.net:443:0 server certificate does NOT include an ID which matches the server name
[Sat Jan 31 08:54:14.805152 2026] [ssl:warn] [pid 12810:tid 140108153743232] AH01909: cpanel.team.virtualdepthstudio.com:443:0 server certificate does NOT include an ID which matches the server name
[Sat Jan 31 08:54:14.805565 2026] [ssl:warn] [pid 12810:tid 140108153743232] AH01909: mail.team.virtualdepthstudio.com:443:0 server certificate does NOT include an ID which matches the server name
[Sat Jan 31 08:54:14.805867 2026] [ssl:warn] [pid 12810:tid 140108153743232] AH01909: webmail.team.virtualdepthstudio.com:443:0 server certificate does NOT include an ID which matches the server name
[Sat Jan 31 08:54:14.807134 2026] [ssl:warn] [pid 12810:tid 140108153743232] AH01909: cpanel.starlings.kamranshah.uk:443:0 server certificate does NOT include an ID which matches the server name
[Sat Jan 31 08:54:14.807608 2026] [ssl:warn] [pid 12810:tid 140108153743232] AH01909: mail.starlings.kamranshah.uk:443:0 server certificate does NOT include an ID which matches the server name
[Sat Jan 31 08:54:14.807914 2026] [ssl:warn] [pid 12810:tid 140108153743232] AH01909: webmail.starlings.kamranshah.uk:443:0 server certificate does NOT include an ID which matches the server name
[Sat Jan 31 08:54:14.808581 2026] [ssl:warn] [pid 12810:tid 140108153743232] AH01909: cpanel.softsouljournal.com:443:0 server certificate does NOT include an ID which matches the server name
[Sat Jan 31 08:54:14.808922 2026] [ssl:warn] [pid 12810:tid 140108153743232] AH01909: mail.softsouljournal.com:443:0 server certificate does NOT include an ID which matches the server name
[Sat Jan 31 08:54:14.809217 2026] [ssl:warn] [pid 12810:tid 140108153743232] AH01909: webmail.softsouljournal.com:443:0 server certificate does NOT include an ID which matches the server name
[Sat Jan 31 08:54:14.809973 2026] [ssl:warn] [pid 12810:tid 140108153743232] AH01909: cpanel.skyflightticket.co.uk:443:0 server certificate does NOT include an ID which matches the server name
[Sat Jan 31 08:54:14.810359 2026] [ssl:warn] [pid 12810:tid 140108153743232] AH01909: mail.skyflightticket.co.uk:443:0 server certificate does NOT include an ID which matches the server name
[Sat Jan 31 08:54:14.810736 2026] [ssl:warn] [pid 12810:tid 140108153743232] AH01909: webmail.skyflightticket.co.uk:443:0 server certificate does NOT include an ID which matches the server name
[Sat Jan 31 08:54:14.812977 2026] [ssl:warn] [pid 12810:tid 140108153743232] AH01906: cpanel.scottjoyindustry.com:443:0 server certificate is a CA certificate (BasicConstraints: CA == TRUE !?)
[Sat Jan 31 08:54:14.813358 2026] [ssl:warn] [pid 12810:tid 140108153743232] AH01906: mail.scottjoyindustry.com:443:0 server certificate is a CA certificate (BasicConstraints: CA == TRUE !?)
[Sat Jan 31 08:54:14.813607 2026] [ssl:warn] [pid 12810:tid 140108153743232] AH01906: webmail.scottjoyindustry.com:443:0 server certificate is a CA certificate (BasicConstraints: CA == TRUE !?)
[Sat Jan 31 08:54:14.815535 2026] [ssl:warn] [pid 12810:tid 140108153743232] AH01906: cpanel.rajausman.net:443:0 server certificate is a CA certificate (BasicConstraints: CA == TRUE !?)
[Sat Jan 31 08:54:14.815926 2026] [ssl:warn] [pid 12810:tid 140108153743232] AH01906: mail.rajausman.net:443:0 server certificate is a CA certificate (BasicConstraints: CA == TRUE !?)
[Sat Jan 31 08:54:14.816360 2026] [ssl:warn] [pid 12810:tid 140108153743232] AH01906: webmail.rajausman.net:443:0 server certificate is a CA certificate (BasicConstraints: CA == TRUE !?)
[Sat Jan 31 08:54:14.817563 2026] [ssl:warn] [pid 12810:tid 140108153743232] AH01906: cpanel.passionurdu.pk:443:0 server certificate is a CA certificate (BasicConstraints: CA == TRUE !?)
[Sat Jan 31 08:54:14.817811 2026] [ssl:warn] [pid 12810:tid 140108153743232] AH01906: mail.passionurdu.pk:443:0 server certificate is a CA certificate (BasicConstraints: CA == TRUE !?)
[Sat Jan 31 08:54:14.818000 2026] [ssl:warn] [pid 12810:tid 140108153743232] AH01906: webmail.passionurdu.pk:443:0 server certificate is a CA certificate (BasicConstraints: CA == TRUE !?)
[Sat Jan 31 08:54:14.821241 2026] [ssl:warn] [pid 12810:tid 140108153743232] AH01909: cpanel.new.halearnix.com:443:0 server certificate does NOT include an ID which matches the server name
[Sat Jan 31 08:54:14.821681 2026] [ssl:warn] [pid 12810:tid 140108153743232] AH01909: mail.new.halearnix.com:443:0 server certificate does NOT include an ID which matches the server name
[Sat Jan 31 08:54:14.822040 2026] [ssl:warn] [pid 12810:tid 140108153743232] AH01909: webmail.new.halearnix.com:443:0 server certificate does NOT include an ID which matches the server name
[Sat Jan 31 08:54:14.832872 2026] [ssl:warn] [pid 12810:tid 140108153743232] AH01906: cpanel.hrlinks.net:443:0 server certificate is a CA certificate (BasicConstraints: CA == TRUE !?)
[Sat Jan 31 08:54:14.833138 2026] [ssl:warn] [pid 12810:tid 140108153743232] AH01906: mail.hrlinks.net:443:0 server certificate is a CA certificate (BasicConstraints: CA == TRUE !?)
[Sat Jan 31 08:54:14.833395 2026] [ssl:warn] [pid 12810:tid 140108153743232] AH01906: webmail.hrlinks.net:443:0 server certificate is a CA certificate (BasicConstraints: CA == TRUE !?)
[Sat Jan 31 08:54:14.833911 2026] [ssl:warn] [pid 12810:tid 140108153743232] AH01906: cpanel.hitachipakistan.com:443:0 server certificate is a CA certificate (BasicConstraints: CA == TRUE !?)
[Sat Jan 31 08:54:14.834157 2026] [ssl:warn] [pid 12810:tid 140108153743232] AH01906: mail.hitachipakistan.com:443:0 server certificate is a CA certificate (BasicConstraints: CA == TRUE !?)
[Sat Jan 31 08:54:14.834389 2026] [ssl:warn] [pid 12810:tid 140108153743232] AH01906: webmail.hitachipakistan.com:443:0 server certificate is a CA certificate (BasicConstraints: CA == TRUE !?)
[Sat Jan 31 08:54:14.838087 2026] [ssl:warn] [pid 12810:tid 140108153743232] AH01909: cpanel.getprofixer.com:443:0 server certificate does NOT include an ID which matches the server name
[Sat Jan 31 08:54:14.838476 2026] [ssl:warn] [pid 12810:tid 140108153743232] AH01909: mail.getprofixer.com:443:0 server certificate does NOT include an ID which matches the server name
[Sat Jan 31 08:54:14.838774 2026] [ssl:warn] [pid 12810:tid 140108153743232] AH01909: webmail.getprofixer.com:443:0 server certificate does NOT include an ID which matches the server name
[Sat Jan 31 08:54:14.841960 2026] [ssl:warn] [pid 12810:tid 140108153743232] AH01906: cpanel.flyparcel.jugnoo.com.pk:443:0 server certificate is a CA certificate (BasicConstraints: CA == TRUE !?)
[Sat Jan 31 08:54:14.842215 2026] [ssl:warn] [pid 12810:tid 140108153743232] AH01906: mail.flyparcel.jugnoo.com.pk:443:0 server certificate is a CA certificate (BasicConstraints: CA == TRUE !?)
[Sat Jan 31 08:54:14.842448 2026] [ssl:warn] [pid 12810:tid 140108153743232] AH01906: webmail.flyparcel.jugnoo.com.pk:443:0 server certificate is a CA certificate (BasicConstraints: CA == TRUE !?)
[Sat Jan 31 08:54:14.845672 2026] [ssl:warn] [pid 12810:tid 140108153743232] AH01909: cpanel.faizyproductions.com:443:0 server certificate does NOT include an ID which matches the server name
[Sat Jan 31 08:54:14.846011 2026] [ssl:warn] [pid 12810:tid 140108153743232] AH01909: mail.faizyproductions.com:443:0 server certificate does NOT include an ID which matches the server name
[Sat Jan 31 08:54:14.846342 2026] [ssl:warn] [pid 12810:tid 140108153743232] AH01909: webmail.faizyproductions.com:443:0 server certificate does NOT include an ID which matches the server name
[Sat Jan 31 08:54:14.846959 2026] [ssl:warn] [pid 12810:tid 140108153743232] AH01909: cpanel.fahaddigital.com:443:0 server certificate does NOT include an ID which matches the server name
[Sat Jan 31 08:54:14.847315 2026] [ssl:warn] [pid 12810:tid 140108153743232] AH01909: mail.fahaddigital.com:443:0 server certificate does NOT include an ID which matches the server name
[Sat Jan 31 08:54:14.847693 2026] [ssl:warn] [pid 12810:tid 140108153743232] AH01909: webmail.fahaddigital.com:443:0 server certificate does NOT include an ID which matches the server name
[Sat Jan 31 08:54:14.849774 2026] [ssl:warn] [pid 12810:tid 140108153743232] AH01909: cpanel.dewaapprovalsdubai.ae:443:0 server certificate does NOT include an ID which matches the server name
[Sat Jan 31 08:54:14.850120 2026] [ssl:warn] [pid 12810:tid 140108153743232] AH01909: mail.dewaapprovalsdubai.ae:443:0 server certificate does NOT include an ID which matches the server name
[Sat Jan 31 08:54:14.850454 2026] [ssl:warn] [pid 12810:tid 140108153743232] AH01909: webmail.dewaapprovalsdubai.ae:443:0 server certificate does NOT include an ID which matches the server name
[Sat Jan 31 08:54:14.852724 2026] [ssl:warn] [pid 12810:tid 140108153743232] AH01909: cpanel.data.muzzamilahmedkhan.site:443:0 server certificate does NOT include an ID which matches the server name
[Sat Jan 31 08:54:14.853072 2026] [ssl:warn] [pid 12810:tid 140108153743232] AH01909: mail.data.muzzamilahmedkhan.site:443:0 server certificate does NOT include an ID which matches the server name
[Sat Jan 31 08:54:14.853461 2026] [ssl:warn] [pid 12810:tid 140108153743232] AH01909: webmail.data.muzzamilahmedkhan.site:443:0 server certificate does NOT include an ID which matches the server name
[Sat Jan 31 08:54:14.858812 2026] [ssl:warn] [pid 12810:tid 140108153743232] AH01909: cpanel.automation.nasfistsolutions.com:443:0 server certificate does NOT include an ID which matches the server name
[Sat Jan 31 08:54:14.859160 2026] [ssl:warn] [pid 12810:tid 140108153743232] AH01909: mail.automation.nasfistsolutions.com:443:0 server certificate does NOT include an ID which matches the server name
[Sat Jan 31 08:54:14.859496 2026] [ssl:warn] [pid 12810:tid 140108153743232] AH01909: webmail.automation.nasfistsolutions.com:443:0 server certificate does NOT include an ID which matches the server name
[Sat Jan 31 08:54:14.865474 2026] [ssl:warn] [pid 12810:tid 140108153743232] AH01909: cpanel.akkzipper.com:443:0 server certificate does NOT include an ID which matches the server name
[Sat Jan 31 08:54:14.865825 2026] [ssl:warn] [pid 12810:tid 140108153743232] AH01909: mail.akkzipper.com:443:0 server certificate does NOT include an ID which matches the server name
[Sat Jan 31 08:54:14.866109 2026] [ssl:warn] [pid 12810:tid 140108153743232] AH01909: webmail.akkzipper.com:443:0 server certificate does NOT include an ID which matches the server name
[Sat Jan 31 08:54:14.872482 2026] [mpm_event:notice] [pid 12810:tid 140108153743232] AH00489: Apache/2.4.54 (Unix) OpenSSL/1.0.2k-fips configured -- resuming normal operations
[Sat Jan 31 08:54:14.872494 2026] [core:notice] [pid 12810:tid 140108153743232] AH00094: Command line: '/usr/local/apache/bin/httpd'
[Sat Jan 31 09:19:20.703528 2026] [:error] [pid 8791:tid 140107906529024] [client 20.203.132.68:14131] File does not exist: /usr/local/apache/htdocs/rip.php
[Sat Jan 31 09:21:41.967163 2026] [:error] [pid 8911:tid 140107847780096] [client 62.60.130.228:59399] File does not exist: /usr/local/apache/htdocs/wp-login.php, referer: https://www.facebook.com/
[Sat Jan 31 09:21:42.663401 2026] [:error] [pid 8792:tid 140107805816576] [client 62.60.130.228:60417] File does not exist: /usr/local/apache/htdocs/wp-login.php
[Sat Jan 31 09:23:34.225628 2026] [:error] [pid 8911:tid 140107856172800] [client 13.74.146.113:10737] File does not exist: /usr/local/apache/htdocs/rip.php
[Sat Jan 31 09:36:23.390568 2026] [:error] [pid 8911:tid 140107805816576] [client 195.178.110.132:60000] File does not exist: /usr/local/apache/htdocs/wp-config.php
[Sat Jan 31 09:36:23.419717 2026] [:error] [pid 8911:tid 140107822601984] [client 195.178.110.132:60000] File does not exist: /usr/local/apache/htdocs/wp-config.php.old
[Sat Jan 31 09:36:23.448906 2026] [:error] [pid 8911:tid 140107931707136] [client 195.178.110.132:60000] File does not exist: /usr/local/apache/htdocs/config.php
[Sat Jan 31 09:36:23.478654 2026] [:error] [pid 8911:tid 140107747067648] [client 195.178.110.132:60000] File does not exist: /usr/local/apache/htdocs/config.php.bak
[Sat Jan 31 10:19:36.290827 2026] [:error] [pid 8792:tid 140107797423872] [client 136.144.35.182:65259] File does not exist: /usr/local/apache/htdocs/wp-login.php
[Sat Jan 31 10:20:16.347132 2026] [:error] [pid 8790:tid 140107797423872] [client 20.197.56.208:8822] File does not exist: /usr/local/apache/htdocs/aa.php
[Sat Jan 31 10:20:17.255437 2026] [:error] [pid 8790:tid 140107847780096] [client 20.197.56.208:8822] File does not exist: /usr/local/apache/htdocs/abcd.php
[Sat Jan 31 10:20:18.123197 2026] [:error] [pid 8790:tid 140108018276096] [client 20.197.56.208:8822] File does not exist: /usr/local/apache/htdocs/admin.php
[Sat Jan 31 10:20:19.688508 2026] [:error] [pid 8790:tid 140107747067648] [client 20.197.56.208:8822] File does not exist: /usr/local/apache/htdocs/buy.php
[Sat Jan 31 10:20:20.536961 2026] [cgid:error] [pid 8790:tid 140107822601984] [client 20.197.56.208:8822] AH01265: attempt to invoke directory as script: /usr/local/apache/cgi-bin/
[Sat Jan 31 10:20:21.493123 2026] [:error] [pid 8790:tid 140107940099840] [client 20.197.56.208:8822] File does not exist: /usr/local/apache/htdocs/edit.php
[Sat Jan 31 10:20:22.259215 2026] [:error] [pid 8790:tid 140107864565504] [client 20.197.56.208:8822] File does not exist: /usr/local/apache/htdocs/file.php
[Sat Jan 31 10:20:22.989615 2026] [:error] [pid 8790:tid 140107856172800] [client 20.197.56.208:8822] File does not exist: /usr/local/apache/htdocs/flower.php
[Sat Jan 31 10:20:23.948499 2026] [:error] [pid 8790:tid 140107814209280] [client 20.197.56.208:8822] File does not exist: /usr/local/apache/htdocs/info.php
[Sat Jan 31 10:20:24.757924 2026] [:error] [pid 8790:tid 140107780638464] [client 20.197.56.208:8822] File does not exist: /usr/local/apache/htdocs/ioxi-o.php
[Sat Jan 31 10:20:25.652045 2026] [:error] [pid 8790:tid 140107931707136] [client 20.197.56.208:8822] File does not exist: /usr/local/apache/htdocs/nc4.php
[Sat Jan 31 10:20:26.468653 2026] [:error] [pid 8790:tid 140107755460352] [client 20.197.56.208:8822] File does not exist: /usr/local/apache/htdocs/xleet.php
[Sat Jan 31 10:20:30.005054 2026] [:error] [pid 8790:tid 140107805816576] [client 20.197.56.208:8822] File does not exist: /usr/local/apache/htdocs/wp-good.php
[Sat Jan 31 10:20:33.115937 2026] [:error] [pid 8790:tid 140107923314432] [client 20.197.56.208:8822] File does not exist: /usr/local/apache/htdocs/xmrlpc.php
[Sat Jan 31 10:20:34.661725 2026] [:error] [pid 8790:tid 140107856172800] [client 20.197.56.208:8822] File does not exist: /usr/local/apache/htdocs/about.php
[Sat Jan 31 10:20:35.558908 2026] [:error] [pid 8790:tid 140107931707136] [client 20.197.56.208:8822] File does not exist: /usr/local/apache/htdocs/adminfuns.php
[Sat Jan 31 10:20:36.306718 2026] [:error] [pid 8790:tid 140107830994688] [client 20.197.56.208:8822] File does not exist: /usr/local/apache/htdocs/alfa.php
[Sat Jan 31 10:20:37.112617 2026] [:error] [pid 8790:tid 140107755460352] [client 20.197.56.208:8822] File does not exist: /usr/local/apache/htdocs/asasx.php
[Sat Jan 31 10:20:37.835316 2026] [:error] [pid 8790:tid 140107772245760] [client 20.197.56.208:8822] File does not exist: /usr/local/apache/htdocs/autoload_classmap.php
[Sat Jan 31 10:20:38.662832 2026] [:error] [pid 8790:tid 140107763853056] [client 20.197.56.208:8822] File does not exist: /usr/local/apache/htdocs/classwithtostring.php
[Sat Jan 31 10:20:39.556349 2026] [:error] [pid 8790:tid 140107889743616] [client 20.197.56.208:8822] File does not exist: /usr/local/apache/htdocs/cong.php
[Sat Jan 31 10:20:40.385650 2026] [:error] [pid 8790:tid 140107797423872] [client 20.197.56.208:8822] File does not exist: /usr/local/apache/htdocs/file2.php
[Sat Jan 31 10:20:41.172477 2026] [:error] [pid 8790:tid 140107923314432] [client 20.197.56.208:8822] File does not exist: /usr/local/apache/htdocs/moon.php
[Sat Jan 31 10:20:46.747500 2026] [:error] [pid 8790:tid 140107864565504] [client 20.197.56.208:8822] File does not exist: /usr/local/apache/htdocs/wp-cron.php
[Sat Jan 31 10:24:24.066751 2026] [:error] [pid 8792:tid 140107906529024] [client 45.148.10.247:18552] File does not exist: /usr/local/apache/htdocs/phpinfo.php
[Sat Jan 31 10:24:25.345932 2026] [:error] [pid 8792:tid 140107830994688] [client 45.148.10.247:18552] File does not exist: /usr/local/apache/htdocs/_phpinfo.php
[Sat Jan 31 10:24:33.859835 2026] [:error] [pid 8911:tid 140107797423872] [client 45.148.10.247:3814] File does not exist: /usr/local/apache/htdocs/wp-config.php.bak
[Sat Jan 31 10:24:34.005950 2026] [:error] [pid 8911:tid 140107872958208] [client 45.148.10.247:3814] File does not exist: /usr/local/apache/htdocs/info.php
[Sat Jan 31 10:24:35.134868 2026] [:error] [pid 8911:tid 140108018276096] [client 45.148.10.247:3818] File does not exist: /usr/local/apache/htdocs/server_info.php
[Sat Jan 31 10:24:35.291618 2026] [:error] [pid 8911:tid 140107780638464] [client 45.148.10.247:3818] File does not exist: /usr/local/apache/htdocs/app_dev.php
[Sat Jan 31 10:24:35.343912 2026] [:error] [pid 8911:tid 140107814209280] [client 45.148.10.247:3818] File does not exist: /usr/local/apache/htdocs/test.php
[Sat Jan 31 10:24:35.574559 2026] [:error] [pid 8911:tid 140107923314432] [client 45.148.10.247:3818] File does not exist: /usr/local/apache/htdocs/server-info.php
[Sat Jan 31 10:39:21.623215 2026] [core:error] [pid 8911:tid 140107856172800] [client 45.78.235.65:16658] AH10244: invalid URI path (/cgi-bin/.%2e/.%2e/.%2e/.%2e/.%2e/.%2e/.%2e/.%2e/.%2e/.%2e/bin/sh)
[Sat Jan 31 10:39:22.506556 2026] [core:error] [pid 8911:tid 140107747067648] [client 45.78.235.65:16662] AH10244: invalid URI path (/cgi-bin/%%32%65%%32%65/%%32%65%%32%65/%%32%65%%32%65/%%32%65%%32%65/%%32%65%%32%65/%%32%65%%32%65/%%32%65%%32%65/bin/sh)
[Sat Jan 31 10:39:39.757376 2026] [:error] [pid 8911:tid 140107755460352] [client 20.203.132.68:53010] File does not exist: /usr/local/apache/htdocs/rip.php
[Sat Jan 31 10:39:43.817762 2026] [:error] [pid 8790:tid 140107789031168] [client 45.78.235.65:16676] File does not exist: /usr/local/apache/htdocs/index.php
[Sat Jan 31 10:39:45.009729 2026] [:error] [pid 8790:tid 140107830994688] [client 45.78.235.65:16676] File does not exist: /usr/local/apache/htdocs/index.php
[Sat Jan 31 10:39:45.565422 2026] [:error] [pid 8790:tid 140107931707136] [client 45.78.235.65:16676] File does not exist: /usr/local/apache/htdocs/index.php
[Sat Jan 31 10:47:16.643689 2026] [:error] [pid 8911:tid 140107898136320] [client 195.178.110.132:24258] File does not exist: /usr/local/apache/htdocs/wp-config.php
[Sat Jan 31 10:47:16.674238 2026] [:error] [pid 8911:tid 140107839387392] [client 195.178.110.132:24258] File does not exist: /usr/local/apache/htdocs/wp-config.php.old
[Sat Jan 31 10:47:16.704737 2026] [:error] [pid 8911:tid 140107763853056] [client 195.178.110.132:24258] File does not exist: /usr/local/apache/htdocs/config.php
[Sat Jan 31 10:47:16.733853 2026] [:error] [pid 8911:tid 140107923314432] [client 195.178.110.132:24258] File does not exist: /usr/local/apache/htdocs/config.php.bak
[Sat Jan 31 10:50:50.607102 2026] [authz_core:error] [pid 8790:tid 140108018276096] [client 142.93.129.190:56036] AH01630: client denied by server configuration: proxy:http://127.0.0.1:2095/server-status
[Sat Jan 31 10:50:50.826720 2026] [authz_core:error] [pid 8911:tid 140107906529024] [client 142.93.129.190:56042] AH01630: client denied by server configuration: proxy:http://127.0.0.1:2095/server-status
[Sat Jan 31 10:50:50.867212 2026] [authz_core:error] [pid 8791:tid 140107747067648] [client 68.183.9.16:57104] AH01630: client denied by server configuration: proxy:https://127.0.0.1:2083/server-status
[Sat Jan 31 10:50:51.154081 2026] [authz_core:error] [pid 8911:tid 140107830994688] [client 206.81.24.227:41590] AH01630: client denied by server configuration: /usr/local/apache/htdocs/server-status
[Sat Jan 31 10:51:05.321854 2026] [:error] [pid 8792:tid 140107898136320] [client 206.81.24.227:52196] File does not exist: /usr/local/apache/htdocs/info.php
[Sat Jan 31 10:51:09.548496 2026] [authz_core:error] [pid 8911:tid 140107914921728] [client 142.93.129.190:55690] AH01630: client denied by server configuration: proxy:http://127.0.0.1:2095/server-status
[Sat Jan 31 10:51:09.680422 2026] [authz_core:error] [pid 8911:tid 140107772245760] [client 142.93.129.190:55702] AH01630: client denied by server configuration: /usr/local/apache/htdocs/server-status
[Sat Jan 31 10:51:09.803464 2026] [authz_core:error] [pid 8911:tid 140107889743616] [client 142.93.129.190:55718] AH01630: client denied by server configuration: proxy:http://127.0.0.1:2095/server-status
[Sat Jan 31 10:51:14.555627 2026] [authz_core:error] [pid 8911:tid 140107814209280] [client 68.183.180.73:45506] AH01630: client denied by server configuration: proxy:https://127.0.0.1:2083/server-status
[Sat Jan 31 10:51:23.700866 2026] [:error] [pid 8792:tid 140107797423872] [client 142.93.129.190:35898] File does not exist: /usr/local/apache/htdocs/info.php
[Sat Jan 31 10:52:09.227525 2026] [:error] [pid 8911:tid 140107906529024] [client 195.178.110.132:38924] File does not exist: /usr/local/apache/htdocs/wp-config.php
[Sat Jan 31 10:52:09.256601 2026] [:error] [pid 8911:tid 140107914921728] [client 195.178.110.132:38924] File does not exist: /usr/local/apache/htdocs/wp-config.php.old
[Sat Jan 31 10:52:09.285725 2026] [:error] [pid 8911:tid 140107763853056] [client 195.178.110.132:38924] File does not exist: /usr/local/apache/htdocs/config.php
[Sat Jan 31 10:52:09.314760 2026] [:error] [pid 8911:tid 140107923314432] [client 195.178.110.132:38924] File does not exist: /usr/local/apache/htdocs/config.php.bak
[Sat Jan 31 10:53:40.405624 2026] [:error] [pid 8911:tid 140107839387392] [client 195.178.110.132:39682] File does not exist: /usr/local/apache/htdocs/wp-config.php
[Sat Jan 31 10:53:40.434504 2026] [:error] [pid 8911:tid 140107747067648] [client 195.178.110.132:39682] File does not exist: /usr/local/apache/htdocs/wp-config.php.old
[Sat Jan 31 10:53:40.466323 2026] [:error] [pid 8911:tid 140107864565504] [client 195.178.110.132:39682] File does not exist: /usr/local/apache/htdocs/config.php
[Sat Jan 31 10:53:40.495198 2026] [:error] [pid 8911:tid 140107914921728] [client 195.178.110.132:39682] File does not exist: /usr/local/apache/htdocs/config.php.bak
[Sat Jan 31 11:13:11.152516 2026] [:error] [pid 8792:tid 140107940099840] [client 20.214.137.92:21860] File does not exist: /usr/local/apache/htdocs/wp-trackback.php
[Sat Jan 31 11:13:11.404951 2026] [:error] [pid 8792:tid 140107872958208] [client 20.214.137.92:21860] File does not exist: /usr/local/apache/htdocs/about.php
[Sat Jan 31 11:13:11.647155 2026] [:error] [pid 8792:tid 140107822601984] [client 20.214.137.92:21860] File does not exist: /usr/local/apache/htdocs/file.php
[Sat Jan 31 11:13:11.898534 2026] [:error] [pid 8792:tid 140107747067648] [client 20.214.137.92:21860] File does not exist: /usr/local/apache/htdocs/wp-good.php
[Sat Jan 31 11:13:12.140954 2026] [:error] [pid 8792:tid 140107847780096] [client 20.214.137.92:21860] File does not exist: /usr/local/apache/htdocs/xmlrpc.php
[Sat Jan 31 11:13:12.385055 2026] [:error] [pid 8792:tid 140107797423872] [client 20.214.137.92:21860] File does not exist: /usr/local/apache/htdocs/goods.php
[Sat Jan 31 11:13:12.627369 2026] [:error] [pid 8792:tid 140107914921728] [client 20.214.137.92:21860] File does not exist: /usr/local/apache/htdocs/ioxi-o.php
[Sat Jan 31 11:13:12.871907 2026] [:error] [pid 8792:tid 140107839387392] [client 20.214.137.92:21860] File does not exist: /usr/local/apache/htdocs/class-t.api.php
[Sat Jan 31 11:13:13.114075 2026] [:error] [pid 8792:tid 140108018276096] [client 20.214.137.92:21860] File does not exist: /usr/local/apache/htdocs/admin.php
[Sat Jan 31 11:13:13.361222 2026] [:error] [pid 8792:tid 140107772245760] [client 20.214.137.92:21860] File does not exist: /usr/local/apache/htdocs/sf.php
[Sat Jan 31 11:13:13.603520 2026] [:error] [pid 8792:tid 140107755460352] [client 20.214.137.92:21860] File does not exist: /usr/local/apache/htdocs/rip.php
[Sat Jan 31 11:13:13.850643 2026] [:error] [pid 8792:tid 140107898136320] [client 20.214.137.92:21860] File does not exist: /usr/local/apache/htdocs/autoload_classmap.php
[Sat Jan 31 11:13:14.094965 2026] [:error] [pid 8792:tid 140107931707136] [client 20.214.137.92:21860] File does not exist: /usr/local/apache/htdocs/chosen.php
[Sat Jan 31 11:13:14.342932 2026] [:error] [pid 8792:tid 140107940099840] [client 20.214.137.92:21860] File does not exist: /usr/local/apache/htdocs/classwithtostring.php
[Sat Jan 31 11:13:14.584898 2026] [:error] [pid 8792:tid 140107872958208] [client 20.214.137.92:21860] File does not exist: /usr/local/apache/htdocs/defaults.php
[Sat Jan 31 11:13:15.838417 2026] [:error] [pid 8792:tid 140107923314432] [client 20.214.137.92:21860] File does not exist: /usr/local/apache/htdocs/info.php
[Sat Jan 31 11:13:16.080914 2026] [cgid:error] [pid 8792:tid 140107847780096] [client 20.214.137.92:21860] AH01265: attempt to invoke directory as script: /usr/local/apache/cgi-bin/
[Sat Jan 31 11:13:17.557666 2026] [:error] [pid 8792:tid 140108018276096] [client 20.214.137.92:21860] File does not exist: /usr/local/apache/htdocs/adminfuns.php
[Sat Jan 31 12:14:00.962390 2026] [:error] [pid 8792:tid 140107906529024] [client 45.131.195.85:51513] File does not exist: /usr/local/apache/htdocs/wp-login.php
[Sat Jan 31 12:14:22.763178 2026] [:error] [pid 8911:tid 140107931707136] [client 91.224.92.182:55146] File does not exist: /usr/local/apache/htdocs/wp-login.php
[Sat Jan 31 12:23:43.995220 2026] [:error] [pid 8792:tid 140107797423872] [client 20.100.196.146:28300] File does not exist: /usr/local/apache/htdocs/rip.php
[Sat Jan 31 12:26:34.536921 2026] [:error] [pid 8792:tid 140107830994688] [client 13.75.54.243:22717] File does not exist: /usr/local/apache/htdocs/wp-trackback.php
[Sat Jan 31 12:26:34.749140 2026] [:error] [pid 8792:tid 140107872958208] [client 13.75.54.243:22717] File does not exist: /usr/local/apache/htdocs/about.php
[Sat Jan 31 12:26:34.961062 2026] [:error] [pid 8792:tid 140107814209280] [client 13.75.54.243:22717] File does not exist: /usr/local/apache/htdocs/file.php
[Sat Jan 31 12:26:35.177507 2026] [:error] [pid 8792:tid 140107931707136] [client 13.75.54.243:22717] File does not exist: /usr/local/apache/htdocs/wp-good.php
[Sat Jan 31 12:26:35.393196 2026] [:error] [pid 8792:tid 140107864565504] [client 13.75.54.243:22717] File does not exist: /usr/local/apache/htdocs/xmlrpc.php
[Sat Jan 31 12:26:35.605175 2026] [:error] [pid 8792:tid 140108018276096] [client 13.75.54.243:22717] File does not exist: /usr/local/apache/htdocs/goods.php
[Sat Jan 31 12:26:35.820204 2026] [:error] [pid 8792:tid 140107847780096] [client 13.75.54.243:22717] File does not exist: /usr/local/apache/htdocs/ioxi-o.php
[Sat Jan 31 12:26:36.039375 2026] [:error] [pid 8792:tid 140107763853056] [client 13.75.54.243:22717] File does not exist: /usr/local/apache/htdocs/class-t.api.php
[Sat Jan 31 12:26:36.251333 2026] [:error] [pid 8792:tid 140107914921728] [client 13.75.54.243:22717] File does not exist: /usr/local/apache/htdocs/admin.php
[Sat Jan 31 12:26:36.466129 2026] [:error] [pid 8792:tid 140107822601984] [client 13.75.54.243:22717] File does not exist: /usr/local/apache/htdocs/sf.php
[Sat Jan 31 12:26:36.678142 2026] [:error] [pid 8792:tid 140107923314432] [client 13.75.54.243:22717] File does not exist: /usr/local/apache/htdocs/rip.php
[Sat Jan 31 12:26:36.890192 2026] [:error] [pid 8792:tid 140107780638464] [client 13.75.54.243:22717] File does not exist: /usr/local/apache/htdocs/autoload_classmap.php
[Sat Jan 31 12:26:37.102342 2026] [:error] [pid 8792:tid 140107856172800] [client 13.75.54.243:22717] File does not exist: /usr/local/apache/htdocs/chosen.php
[Sat Jan 31 12:26:37.321090 2026] [:error] [pid 8792:tid 140107805816576] [client 13.75.54.243:22717] File does not exist: /usr/local/apache/htdocs/classwithtostring.php
[Sat Jan 31 12:26:37.533206 2026] [:error] [pid 8792:tid 140107830994688] [client 13.75.54.243:22717] File does not exist: /usr/local/apache/htdocs/defaults.php
[Sat Jan 31 12:26:38.608595 2026] [:error] [pid 8792:tid 140107940099840] [client 13.75.54.243:22717] File does not exist: /usr/local/apache/htdocs/info.php
[Sat Jan 31 12:26:38.824781 2026] [cgid:error] [pid 8792:tid 140107763853056] [client 13.75.54.243:22717] AH01265: attempt to invoke directory as script: /usr/local/apache/cgi-bin/
[Sat Jan 31 12:26:40.100691 2026] [:error] [pid 8792:tid 140107839387392] [client 13.75.54.243:22717] File does not exist: /usr/local/apache/htdocs/adminfuns.php
[Sat Jan 31 13:23:49.547874 2026] [:error] [pid 8792:tid 140107814209280] [client 20.213.25.204:7760] File does not exist: /usr/local/apache/htdocs/wp-trackback.php
[Sat Jan 31 13:23:49.829451 2026] [:error] [pid 8792:tid 140107805816576] [client 20.213.25.204:7760] File does not exist: /usr/local/apache/htdocs/about.php
[Sat Jan 31 13:23:50.113133 2026] [:error] [pid 8792:tid 140107797423872] [client 20.213.25.204:7760] File does not exist: /usr/local/apache/htdocs/file.php
[Sat Jan 31 13:23:50.384818 2026] [:error] [pid 8792:tid 140107839387392] [client 20.213.25.204:7760] File does not exist: /usr/local/apache/htdocs/wp-good.php
[Sat Jan 31 13:23:50.656677 2026] [:error] [pid 8792:tid 140107772245760] [client 20.213.25.204:7760] File does not exist: /usr/local/apache/htdocs/xmlrpc.php
[Sat Jan 31 13:23:50.937550 2026] [:error] [pid 8792:tid 140107872958208] [client 20.213.25.204:7760] File does not exist: /usr/local/apache/htdocs/goods.php
[Sat Jan 31 13:23:51.214116 2026] [:error] [pid 8792:tid 140107931707136] [client 20.213.25.204:7760] File does not exist: /usr/local/apache/htdocs/ioxi-o.php
[Sat Jan 31 13:23:51.485831 2026] [:error] [pid 8792:tid 140107940099840] [client 20.213.25.204:7760] File does not exist: /usr/local/apache/htdocs/class-t.api.php
[Sat Jan 31 13:23:51.757623 2026] [:error] [pid 8792:tid 140107864565504] [client 20.213.25.204:7760] File does not exist: /usr/local/apache/htdocs/admin.php
[Sat Jan 31 13:23:52.029333 2026] [:error] [pid 8792:tid 140107906529024] [client 20.213.25.204:7760] File does not exist: /usr/local/apache/htdocs/sf.php
[Sat Jan 31 13:23:52.301109 2026] [:error] [pid 8792:tid 140107789031168] [client 20.213.25.204:7760] File does not exist: /usr/local/apache/htdocs/rip.php
[Sat Jan 31 13:23:52.580442 2026] [:error] [pid 8792:tid 140107780638464] [client 20.213.25.204:7760] File does not exist: /usr/local/apache/htdocs/autoload_classmap.php
[Sat Jan 31 13:23:52.859852 2026] [:error] [pid 8792:tid 140107847780096] [client 20.213.25.204:7760] File does not exist: /usr/local/apache/htdocs/chosen.php
[Sat Jan 31 13:23:53.131900 2026] [:error] [pid 8792:tid 140107923314432] [client 20.213.25.204:7760] File does not exist: /usr/local/apache/htdocs/classwithtostring.php
[Sat Jan 31 13:23:53.410326 2026] [:error] [pid 8792:tid 140107763853056] [client 20.213.25.204:7760] File does not exist: /usr/local/apache/htdocs/defaults.php
[Sat Jan 31 13:23:54.793674 2026] [:error] [pid 8792:tid 140107872958208] [client 20.213.25.204:7760] File does not exist: /usr/local/apache/htdocs/info.php
[Sat Jan 31 13:23:55.078124 2026] [cgid:error] [pid 8792:tid 140107931707136] [client 20.213.25.204:7760] AH01265: attempt to invoke directory as script: /usr/local/apache/cgi-bin/
[Sat Jan 31 13:23:56.731598 2026] [:error] [pid 8792:tid 140107923314432] [client 20.213.25.204:7760] File does not exist: /usr/local/apache/htdocs/adminfuns.php
[Sat Jan 31 13:26:23.821890 2026] [:error] [pid 8911:tid 140107789031168] [client 13.75.54.243:52293] File does not exist: /usr/local/apache/htdocs/wp-trackback.php
[Sat Jan 31 13:26:24.035010 2026] [:error] [pid 8911:tid 140107881350912] [client 13.75.54.243:52293] File does not exist: /usr/local/apache/htdocs/about.php
[Sat Jan 31 13:26:24.246648 2026] [:error] [pid 8911:tid 140107914921728] [client 13.75.54.243:52293] File does not exist: /usr/local/apache/htdocs/file.php
[Sat Jan 31 13:26:24.457873 2026] [:error] [pid 8911:tid 140107847780096] [client 13.75.54.243:52293] File does not exist: /usr/local/apache/htdocs/wp-good.php
[Sat Jan 31 13:26:24.669401 2026] [:error] [pid 8911:tid 140107763853056] [client 13.75.54.243:52293] File does not exist: /usr/local/apache/htdocs/xmlrpc.php
[Sat Jan 31 13:26:24.884148 2026] [:error] [pid 8911:tid 140107814209280] [client 13.75.54.243:52293] File does not exist: /usr/local/apache/htdocs/goods.php
[Sat Jan 31 13:26:25.108919 2026] [:error] [pid 8911:tid 140107780638464] [client 13.75.54.243:52293] File does not exist: /usr/local/apache/htdocs/ioxi-o.php
[Sat Jan 31 13:26:25.320262 2026] [:error] [pid 8911:tid 140107830994688] [client 13.75.54.243:52293] File does not exist: /usr/local/apache/htdocs/class-t.api.php
[Sat Jan 31 13:26:25.531698 2026] [:error] [pid 8911:tid 140107889743616] [client 13.75.54.243:52293] File does not exist: /usr/local/apache/htdocs/admin.php
[Sat Jan 31 13:26:25.742812 2026] [:error] [pid 8911:tid 140107931707136] [client 13.75.54.243:52293] File does not exist: /usr/local/apache/htdocs/sf.php
[Sat Jan 31 13:26:25.956590 2026] [:error] [pid 8911:tid 140107805816576] [client 13.75.54.243:52293] File does not exist: /usr/local/apache/htdocs/rip.php
[Sat Jan 31 13:26:26.167935 2026] [:error] [pid 8911:tid 140107747067648] [client 13.75.54.243:52293] File does not exist: /usr/local/apache/htdocs/autoload_classmap.php
[Sat Jan 31 13:26:26.396150 2026] [:error] [pid 8911:tid 140107822601984] [client 13.75.54.243:52293] File does not exist: /usr/local/apache/htdocs/chosen.php
[Sat Jan 31 13:26:26.608725 2026] [:error] [pid 8911:tid 140108018276096] [client 13.75.54.243:52293] File does not exist: /usr/local/apache/htdocs/classwithtostring.php
[Sat Jan 31 13:26:26.819919 2026] [:error] [pid 8911:tid 140107914921728] [client 13.75.54.243:52293] File does not exist: /usr/local/apache/htdocs/defaults.php
[Sat Jan 31 13:26:27.902391 2026] [:error] [pid 8911:tid 140107923314432] [client 13.75.54.243:52293] File does not exist: /usr/local/apache/htdocs/info.php
[Sat Jan 31 13:26:28.126620 2026] [cgid:error] [pid 8911:tid 140107931707136] [client 13.75.54.243:52293] AH01265: attempt to invoke directory as script: /usr/local/apache/cgi-bin/
[Sat Jan 31 13:26:29.413796 2026] [:error] [pid 8911:tid 140107763853056] [client 13.75.54.243:52293] File does not exist: /usr/local/apache/htdocs/adminfuns.php
[Sat Jan 31 13:51:16.537704 2026] [:error] [pid 8792:tid 140107747067648] [client 20.78.152.240:56679] File does not exist: /usr/local/apache/htdocs/aa.php
[Sat Jan 31 13:51:16.788508 2026] [:error] [pid 8792:tid 140107805816576] [client 20.78.152.240:56679] File does not exist: /usr/local/apache/htdocs/abcd.php
[Sat Jan 31 13:51:17.282462 2026] [:error] [pid 8792:tid 140107914921728] [client 20.78.152.240:56679] File does not exist: /usr/local/apache/htdocs/admin.php
[Sat Jan 31 13:51:17.540658 2026] [:error] [pid 8792:tid 140107872958208] [client 20.78.152.240:56679] File does not exist: /usr/local/apache/htdocs/buy.php
[Sat Jan 31 13:51:17.796158 2026] [cgid:error] [pid 8792:tid 140107931707136] [client 20.78.152.240:56679] AH01265: attempt to invoke directory as script: /usr/local/apache/cgi-bin/
[Sat Jan 31 13:51:18.056895 2026] [:error] [pid 8792:tid 140107763853056] [client 20.78.152.240:56679] File does not exist: /usr/local/apache/htdocs/edit.php
[Sat Jan 31 13:51:18.327346 2026] [:error] [pid 8792:tid 140107780638464] [client 20.78.152.240:56679] File does not exist: /usr/local/apache/htdocs/file.php
[Sat Jan 31 13:51:18.578897 2026] [:error] [pid 8792:tid 140107923314432] [client 20.78.152.240:56679] File does not exist: /usr/local/apache/htdocs/flower.php
[Sat Jan 31 13:51:19.861650 2026] [:error] [pid 8792:tid 140107881350912] [client 20.78.152.240:56679] File does not exist: /usr/local/apache/htdocs/info.php
[Sat Jan 31 13:51:20.518866 2026] [:error] [pid 8792:tid 140107864565504] [client 20.78.152.240:56679] File does not exist: /usr/local/apache/htdocs/ioxi-o.php
[Sat Jan 31 13:51:20.997625 2026] [:error] [pid 8792:tid 140107805816576] [client 20.78.152.240:56679] File does not exist: /usr/local/apache/htdocs/nc4.php
[Sat Jan 31 13:51:21.732608 2026] [:error] [pid 8792:tid 140107872958208] [client 20.78.152.240:56679] File does not exist: /usr/local/apache/htdocs/xleet.php
[Sat Jan 31 13:51:23.751807 2026] [:error] [pid 8792:tid 140107830994688] [client 20.78.152.240:56679] File does not exist: /usr/local/apache/htdocs/wp-good.php
[Sat Jan 31 13:51:24.638343 2026] [:error] [pid 8792:tid 140107822601984] [client 20.78.152.240:56679] File does not exist: /usr/local/apache/htdocs/xmrlpc.php
[Sat Jan 31 13:51:25.120899 2026] [:error] [pid 8792:tid 140107898136320] [client 20.78.152.240:56679] File does not exist: /usr/local/apache/htdocs/about.php
[Sat Jan 31 13:51:25.546581 2026] [:error] [pid 8792:tid 140107797423872] [client 20.78.152.240:56679] File does not exist: /usr/local/apache/htdocs/adminfuns.php
[Sat Jan 31 13:51:25.807173 2026] [:error] [pid 8792:tid 140107864565504] [client 20.78.152.240:56679] File does not exist: /usr/local/apache/htdocs/alfa.php
[Sat Jan 31 13:51:26.073417 2026] [:error] [pid 8792:tid 140107789031168] [client 20.78.152.240:56679] File does not exist: /usr/local/apache/htdocs/asasx.php
[Sat Jan 31 13:51:26.371026 2026] [:error] [pid 8792:tid 140107805816576] [client 20.78.152.240:56679] File does not exist: /usr/local/apache/htdocs/autoload_classmap.php
[Sat Jan 31 13:51:26.628544 2026] [:error] [pid 8792:tid 140107772245760] [client 20.78.152.240:56679] File does not exist: /usr/local/apache/htdocs/classwithtostring.php
[Sat Jan 31 13:51:26.875430 2026] [:error] [pid 8792:tid 140107914921728] [client 20.78.152.240:56679] File does not exist: /usr/local/apache/htdocs/cong.php
[Sat Jan 31 13:51:27.123602 2026] [:error] [pid 8792:tid 140107872958208] [client 20.78.152.240:56679] File does not exist: /usr/local/apache/htdocs/file2.php
[Sat Jan 31 13:51:27.386187 2026] [:error] [pid 8792:tid 140107931707136] [client 20.78.152.240:56679] File does not exist: /usr/local/apache/htdocs/moon.php
[Sat Jan 31 13:51:29.397952 2026] [:error] [pid 8792:tid 140107755460352] [client 20.78.152.240:56679] File does not exist: /usr/local/apache/htdocs/wp-cron.php
[Sat Jan 31 13:58:45.381825 2026] [:error] [pid 8792:tid 140107772245760] [client 172.213.25.189:32930] File does not exist: /usr/local/apache/htdocs/rip.php
[Sat Jan 31 14:35:55.426347 2026] [:error] [pid 8911:tid 140107822601984] [client 172.190.142.176:26042] File does not exist: /usr/local/apache/htdocs/afile.php
[Sat Jan 31 14:35:55.551767 2026] [:error] [pid 8911:tid 140107881350912] [client 172.190.142.176:26042] File does not exist: /usr/local/apache/htdocs/alfa.php
[Sat Jan 31 14:35:55.665811 2026] [:error] [pid 8911:tid 140107931707136] [client 172.190.142.176:26042] File does not exist: /usr/local/apache/htdocs/size.php
[Sat Jan 31 14:35:55.779514 2026] [:error] [pid 8911:tid 140108018276096] [client 172.190.142.176:26042] File does not exist: /usr/local/apache/htdocs/jlex3.php
[Sat Jan 31 14:35:55.900444 2026] [:error] [pid 8911:tid 140107940099840] [client 172.190.142.176:26042] File does not exist: /usr/local/apache/htdocs/w.php
[Sat Jan 31 14:35:56.017554 2026] [:error] [pid 8911:tid 140107898136320] [client 172.190.142.176:26042] File does not exist: /usr/local/apache/htdocs/135.php
[Sat Jan 31 14:35:56.140533 2026] [:error] [pid 8911:tid 140107906529024] [client 172.190.142.176:26042] File does not exist: /usr/local/apache/htdocs/ut.php
[Sat Jan 31 14:35:56.258054 2026] [:error] [pid 8911:tid 140107923314432] [client 172.190.142.176:26042] File does not exist: /usr/local/apache/htdocs/a2.php
[Sat Jan 31 14:35:56.393932 2026] [:error] [pid 8911:tid 140107780638464] [client 172.190.142.176:26042] File does not exist: /usr/local/apache/htdocs/usep.php
[Sat Jan 31 14:35:56.507532 2026] [:error] [pid 8911:tid 140107763853056] [client 172.190.142.176:26042] File does not exist: /usr/local/apache/htdocs/f35.php
[Sat Jan 31 14:35:56.621255 2026] [:error] [pid 8911:tid 140107789031168] [client 172.190.142.176:26042] File does not exist: /usr/local/apache/htdocs/manager.php
[Sat Jan 31 14:35:56.735125 2026] [:error] [pid 8911:tid 140107814209280] [client 172.190.142.176:26042] File does not exist: /usr/local/apache/htdocs/CLA.php
[Sat Jan 31 14:35:56.915990 2026] [:error] [pid 8911:tid 140107872958208] [client 172.190.142.176:26042] File does not exist: /usr/local/apache/htdocs/haikh.php
[Sat Jan 31 14:35:57.040038 2026] [:error] [pid 8911:tid 140107881350912] [client 172.190.142.176:26042] File does not exist: /usr/local/apache/htdocs/x56.php
[Sat Jan 31 14:35:57.274626 2026] [:error] [pid 8911:tid 140107747067648] [client 172.190.142.176:26042] File does not exist: /usr/local/apache/htdocs/gool.php
[Sat Jan 31 14:35:57.405047 2026] [:error] [pid 8911:tid 140108018276096] [client 172.190.142.176:26042] File does not exist: /usr/local/apache/htdocs/we.php
[Sat Jan 31 14:35:57.525491 2026] [:error] [pid 8911:tid 140107940099840] [client 172.190.142.176:26042] File does not exist: /usr/local/apache/htdocs/install.php
[Sat Jan 31 14:35:57.639356 2026] [:error] [pid 8911:tid 140107898136320] [client 172.190.142.176:26042] File does not exist: /usr/local/apache/htdocs/file9.php
[Sat Jan 31 14:35:57.753263 2026] [:error] [pid 8911:tid 140107906529024] [client 172.190.142.176:26042] File does not exist: /usr/local/apache/htdocs/file4.php
[Sat Jan 31 14:35:57.868069 2026] [:error] [pid 8911:tid 140107923314432] [client 172.190.142.176:26042] File does not exist: /usr/local/apache/htdocs/classwithtostring.php
[Sat Jan 31 14:35:57.981730 2026] [:error] [pid 8911:tid 140107856172800] [client 172.190.142.176:26042] File does not exist: /usr/local/apache/htdocs/x50.php
[Sat Jan 31 14:35:58.099508 2026] [:error] [pid 8911:tid 140107914921728] [client 172.190.142.176:26042] File does not exist: /usr/local/apache/htdocs/atx.php
[Sat Jan 31 14:35:58.213326 2026] [:error] [pid 8911:tid 140107763853056] [client 172.190.142.176:26042] File does not exist: /usr/local/apache/htdocs/sx.php
[Sat Jan 31 14:35:58.333819 2026] [:error] [pid 8911:tid 140107789031168] [client 172.190.142.176:26042] File does not exist: /usr/local/apache/htdocs/file21.php
[Sat Jan 31 14:35:58.460871 2026] [:error] [pid 8911:tid 140107814209280] [client 172.190.142.176:26042] File does not exist: /usr/local/apache/htdocs/class19.php
[Sat Jan 31 14:35:58.576111 2026] [:error] [pid 8911:tid 140107797423872] [client 172.190.142.176:26042] File does not exist: /usr/local/apache/htdocs/33.php
